 the ten thousands digit of 477380257?
8
What is the hundreds digit of 43563180?
1
What is the ten millions digit of 1000708060?
0
What is the millions digit of 150001780?
0
What is the hundred thousands digit of 24445351?
4
What is the hundred thousands digit of 79206848?
2
What is the billions digit of 1382292918?
1
What is the units digit of 64200275?
5
What is the ten millions digit of 709211644?
0
What is the tens digit of 982895646?
4
What is the hundred thousands digit of 296049715?
0
What is the hundreds digit of 2676677905?
9
What is the hundreds digit of 50400407?
4
What is the ten millions digit of 406681744?
0
What is the ten millions digit of 466528769?
6
What is the ten millions digit of 1230359138?
3
What is the thousands digit of 271004192?
4
What is the ten millions digit of 60139592?
6
What is the hundred millions digit of 873872315?
8
What is the ten thousands digit of 1346755679?
5
What is the hundreds digit of 26855018?
0
What is the units digit of 582123544?
4
What is the units digit of 1230540377?
7
What is the units digit of 1282845205?
5
What is the hundreds digit of 136651456?
4
What is the hundred thousands digit of 2407477293?
4
What is the units digit of 304155970?
0
What is the hundreds digit of 119338241?
2
What is the thousands digit of 133475049?
5
What is the millions digit of 167346374?
7
What is the hundred millions digit of 1606257304?
6
What is the tens digit of 3401506844?
4
What is the billions digit of 2377604278?
2
What is the tens digit of 52246419?
1
What is the hundred thousands digit of 289605636?
6
What is the thousands digit of 1448418101?
8
What is the ten millions digit of 1474525586?
7
What is the millions digit of 769206336?
9
What is the millions digit of 223338739?
3
What is the units digit of 78147064?
4
What is the millions digit of 4605124028?
5
What is the thousands digit of 73649877?
9
What is the tens digit of 3444053280?
8
What is the millions digit of 19837154?
9
What is the hundred thousands digit of 74696425?
6
What is the hundred thousands digit of 2203737214?
7
What is the ten millions digit of 1942333605?
4
What is the units digit of 49939439?
9
What is the hundred thousands digit of 230672649?
6
What is the ten thousands digit of 53803425?
0
What is the hundred thousands digit of 138956132?
9
What is the ten thousands digit of 99649595?
4
What is the units digit of 2718245120?
0
What is the tens digit of 10804710?
1
What is the millions digit of 1502018812?
2
What is the hundred millions digit of 520044576?
5
What is the hundred thousands digit of 1800116754?
1
What is the millions digit of 58531797?
8
What is the ten millions digit of 101550054?
0
What is the hundreds digit of 58711429?
4
What is the ten millions digit of 22666701?
2
What is the tens digit of 1437687864?
6
What is the units digit of 30150285?
5
What is the ten millions digit of 130847228?
3
What is the millions digit of 84447155?
4
What is the hundred thousands digit of 151222168?
2
What is the units digit of 28237463?
3
What is the hundreds digit of 14397444?
4
What is the ten millions digit of 560201782?
6
What is the millions digit of 12782768?
2
What is the thousands digit of 458957617?
7
What is the hundred thousands digit of 339725965?
7
What is the thousands digit of 550328763?
8
What is the hundreds digit of 5982601?
6
What is the ten thousands digit of 549773242?
7
What is the tens digit of 39701276?
7
What is the tens digit of 18917872?
7
What is the ten thousands digit of 1085815302?
1
What is the tens digit of 82338990?
9
What is the hundred thousands digit of 1682335284?
3
What is the thousands digit of 170067392?
7
What is the ten thousands digit of 276068471?
6
What is the units digit of 197417275?
5
What is the hundreds digit of 1471327842?
8
What is the units digit of 59051749?
9
What is the hundred thousands digit of 1268280369?
2
What is the hundred thousands digit of 71838915?
8
What is the hundred thousands digit of 287074873?
0
What is the tens digit of 350712580?
8
What is the ten thousands digit of 3479215257?
1
What is the ten millions digit of 167705277?
6
What is the millions digit of 348083549?
8
What is the hundred thousands digit of 472346957?
3
What is the hundred thousands digit of 1728854167?
8
What is the ten thousands digit of 951669649?
6
What is the hundreds digit of 200407093?
0
What is the tens digit of 641465865?
6
What is the ten millions digit of 502844843?
0
What is the hundred thousands digit of 20515028?
5
What is the units digit of 603692570?
0
What is the ten thousands digit of 117516081?
1
What is the thousands digit of 58320614?
0
What is the millions digit of 400545624?
0
What is the hundreds digit of 44762643?
6
What is the hundred thousands digit of 3515140582?
1
What is the hundreds digit of 121576127?
1
What is the thousands digit of 72916235?
6
What is the millions digit of 209230012?
9
What is the hundred thousands digit of 1133557817?
5
What is the units digit of 2937641538?
8
What is the thousands digit of 46761795?
1
What is the hundred thousands digit of 4067789160?
7
What is the thousands digit of 94724549?
4
What is the tens digit of 8412431?
3
What is the millions digit of 37401487?
7
What is the tens digit of 319196257?
5
What is the hundreds digit of 135451913?
9
What is the millions digit of 13540541?
3
What is the units digit of 4475563775?
5
What is the hundred thousands digit of 384721427?
7
What is the hundred millions digit of 760752297?
7
What is the millions digit of 414847570?
4
What is the ten millions digit of 2396335064?
9
What is the hundreds digit of 307165474?
4
What is the thousands digit of 4124759685?
9
What is the tens digit of 353200859?
5
What is the ten thousands digit of 127837083?
3
What is the millions digit of 54292447?
4
What is the thousands digit of 266525104?
5
What is the thousands digit of 1381908881?
8
What is the tens digit of 1754501349?
4
What is the thousands digit of 462724501?
4
What is the hundred thousands digit of 11575038?
5
What is the thousands digit of 37798905?
8
What is the hundreds digit of 1817513533?
5
What is the units digit of 177313197?
7
What is the hundreds digit of 527091323?
3
What is the units digit of 76948220?
0
What is the ten millions digit of 16398436?
1
What is the hundred thousands digit of 302944112?
9
What is the tens digit of 359081347?
4
What is the units digit of 118198449?
9
What is the billions digit of 2073790228?
2
What is the hundred millions digit of 588173595?
5
What is the hundred millions digit of 320033918?
3
What is the ten millions digit of 518063657?
1
What is the tens digit of 485621956?
5
What is the millions digit of 995451446?
5
What is the billions digit of 1598617753?
1
What is the hundred millions digit of 718610139?
7
What is the ten thousands digit of 243717585?
1
What is the tens digit of 1079845738?
3
What is the thousands digit of 22901547?
1
What is the ten millions digit of 3813070390?
1
What is the millions digit of 362139919?
2
What is the hundred thousands digit of 1445027380?
0
What is the hundreds digit of 26801830?
8
What is the millions digit of 368119403?
8
What is the tens digit of 768225498?
9
What is the ten thousands digit of 22771632?
7
What is the hundred thousands digit of 132099579?
0
What is the ten millions digit of 561570285?
6
What is the ten millions digit of 127729953?
2
What is the ten thousands digit of 935040847?
4
What is the tens digit of 1051729370?
7
What is the units digit of 30287448?
8
What is the hundreds digit of 15263756?
7
What is the ten millions digit of 3310750682?
1
What is the hundred thousands digit of 550124312?
1
What is the hundred millions digit of 112493326?
1
What is the thousands digit of 48124744?
4
What is the units digit of 352363516?
6
What is the units digit of 4429614592?
2
What is the tens digit of 1388908068?
6
What is the units digit of 1568441868?
8
What is the ten thousands digit of 6089318?
8
What is the thousands digit of 764543030?
3
What is the hundreds digit of 628711110?
1
What is the thousands digit of 18463917?
3
What is the hundred thousands digit of 166904365?
9
What is the hundreds digit of 836567764?
7
What is the millions digit of 1545023419?
5
What is the ten millions dig